*p = 30 - 48. Suppose -r = o - 52, 2*o = -p*o + 5*r + 181. Calculate the highest common factor of 49 and o.
49
Suppose 20 = -0*f + 5*f, -4*f + 452 = -2*s. Let k = s + 292. What is the greatest common factor of k and 666?
74
Let s(j) = -2*j**3 + 22*j**2 + 24*j - 8. Let r be s(-3). What is the greatest common divisor of r and 19436?
172
Suppose -2023 = 4*r - n + 685, r = 5*n - 677. Let f = r - -406. Let o be f/(-7) + (-6)/(-21). What is the highest common divisor of 13 and o?
13
Let k(c) = 622*c**2 + 17*c - 44. Let f be k(3). What is the greatest common divisor of 95 and f?
95
Let b(h) = -h - 6. Let n be -3 - (17 - 10/(-5)). Let m be b(n). Let r = 48 - m. What is the highest common divisor of r and 128?
32
Let a = 436 - -231. What is the highest common factor of 46 and a?
23
Suppose 2008*i - 2015*i + 4823 = 0. Calculate the greatest common factor of i and 212.
53
Let q be (-334)/(-12) + 4/24. Let f(p) = 2*p**3 + 8*p**2 + 8*p + 4. Let l be f(-3). Let v be (-42)/l*1012/69. What is the highest common divisor of q and v?
28
Let p = -1 - -2. Suppose 2040*x = 4*a + 2042*x - 62, -5*a + 53 = -x. What is the greatest common factor of a and p?
1
Let j(o) = -o - 59. Let i(u) = -2*u - 119. Let c(y) = 6*i(y) - 13*j(y). Let h be c(14). Let v = -50 + h. Calculate the greatest common divisor of v and 34.
17
Let b(f) = 3*f**2 - 4*f + 7. Let y be b(2). Suppose -14 + 8 = -3*h. What is the highest common factor of y and h?
1
Let u be ((-6)/(-1) + (4/(-54) - 12/(-162)))*9. Let i(l) = -43*l - 5. Let o be i(-4). Let v = o - 95. What is the greatest common factor of v and u?
18
Suppose -5*h + 80 = -4*h. Let l be -1*200*(1 + 3 + -5). What is the highest common factor of h and l?
40
Let d = -244 + 4055. What is the greatest common factor of 103 and d?
103
Let a(i) = 39*i + 207. Let g(b) = 19*b + 103. Let r(t) = -4*a(t) + 9*g(t). Let k be r(6). Calculate the highest common divisor of 7 and k.
7
Suppose 12*u + 324 = -1692. Let h = 171 + u. What is the highest common factor of 51 and h?
3
Let g = -263 - -847. Let c = g + -124. Suppose -o - 3*y - y = -72, -5*y - c = -5*o. Calculate the highest common divisor of o and 11.
11
Suppose 5*m - 7273 = -7*p + 263, -p - 3*m + 1088 = 0. Calculate the highest common divisor of p and 185.
37
Let m = -11138 - -22338. What is the highest common divisor of 42 and m?
14
Let c be 21/14 + -1 + (-10)/(-4). Suppose -3*v = -4*a + 813, -c*a + 926 = 3*v + 290. What is the highest common divisor of 45 and a?
9
Let b(s) = -2*s**2 - 18*s - 9. Let h be b(-7). Suppose 0 = -21*v + h*v + 808. Let j = v - 209. What is the highest common factor of j and 15?
15
Let z(r) = -3*r + 65. Let g be z(20). Suppose -g*d - 44 = -9*d. Suppose -8*s + 7*s + d = 0. What is the greatest common divisor of s and 55?
11
Let v be (-3 + -7 + -64)/(3/(-6)). What is the greatest common divisor of v and 111?
37
Let b(w) = 1122*w**2 - 4*w + 2. Let a be b(1). Suppose -9*x + a = -x. Calculate the highest common divisor of 20 and x.
20
Let o be 0 + 1/((-1)/(-4)). Let c(i) = -2*i**2 + 2*i + 2. Let j be c(2). Let f be 58/10 + ((-8)/20)/j. Calculate the highest common divisor of o and f.
2
Let y(r) = -r**2 - 22*r - 78. Let c be y(-12). Let q = 32 + -2. Calculate the greatest common factor of c and q.
6
Let w = 5936 - 5859. Calculate the highest common divisor of w and 119.
7
Let g be 710 - -8 - (1 - (1 - 4)) - -2. What is the highest common divisor of 12 and g?
4
Let q(k) be the third derivative of -k**4/3 + 10*k**3 + 12*k**2. Let p be q(-4). Calculate the greatest common divisor of 230 and p.
46
Let h = 87 + -374. Let f = 559 + h. What is the highest common divisor of 16 and f?
16
Let i(y) = 8*y**2 - 9*y - 54. Let b(j) = -j**2 + j. Let g(w) = -2*b(w) - i(w). Let a be g(9). Let p = a + 545. What is the highest common divisor of 11 and p?
11
Let o = 20120 - 19906. Calculate the greatest common divisor of 13375 and o.
107
Let c(b) = -b - 9. Let x be c(-13). Suppose x*r = r - 0*r. Suppose m + 7 - 25 = r. Calculate the greatest common divisor of m and 90.
18
Let z(d) be the second derivative of -10*d + 1/6*d**3 + 0 - 3/2*d**2. Let s be z(15). Calculate the greatest common factor of s and 3.
3
Suppose -181 = -3*r + 2*c, 2*r - 5*r - c + 166 = 0. Let m be 27/(-12)*(-196)/21. Let d = r - m. What is the highest common divisor of d and 4?
4
Let a be 3/((5/1575)/1). Suppose -4*k - a = w + 4*w, -k = 5*w + 960. Let l = w - -369. Calculate the greatest common divisor of 16 and l.
16
Suppose -28*m = -30*m + 880. Suppose -6*n - 120 = -4*n. Let p be 225/n*(-64)/6. Calculate the highest common factor of p and m.
40
Suppose -6 + 38 = 2*o. Suppose 87 = 2*w - 3*b, 12*b = 16*b + 12. Suppose 240 = -w*k + 45*k. What is the greatest common divisor of o and k?
8
Let m(r) = r**3 + 44*r**2 + 40*r + 113. Let x be m(-43). Let t be 1 + 2 + -1 + 31. What is the greatest common divisor of t and x?
11
Let t be 20/(-140) + (-114)/(-14). Let q(o) = 2*o + 2. Let g be q(t). Let r be -126*(2 - (-15)/(-6)). Calculate the greatest common divisor of r and g.
9
Suppose -13*z - 11*z + 2*z = -110. Calculate the highest common divisor of z and 105.
5
Let w be -2*(1 + 2554/(-4)). Suppose -178*i - 182 = -191*i. Let l be w/7 - 2/i. What is the greatest common divisor of l and 26?
26
Let q be (-5)/10*(-3)/((-3)/(-62)). Let g = q + -26. Let b = 46 + -45. What is the highest common divisor of g and b?
1
Suppose 78*v - 558 - 705 + 15 = 0. What is the highest common factor of 1032 and v?
8
Let v be 12/4 + -3 + 39. Let t(m) = 2*m - 20. Let y be t(13). Suppose -1083 = -y*s + 1023. Calculate the highest common factor of s and v.
39
Suppose -33 = 4*y - 49. Suppose 1508 = 8*x - y*x. What is the greatest common factor of 29 and x?
29
Suppose 0 = -4*l + l - 6, 20 = 2*d - l. Suppose 4*f + 20 = d*f. Let k = -409 + 425. Calculate the greatest common divisor of k and f.
4
Let i(a) be the second derivative of 5*a + 1/20*a**5 + 21/2*a**2 - 7/12*a**4 + 0 - 2/3*a**3. Let p be i(9). What is the greatest common factor of p and 42?
21
Let l(c) = -c**3 + 39*c**2 - 284*c - 48. Let a be l(12). Calculate the greatest common factor of a and 984.
24
Suppose m = 2*p, 2*m - 4*p = -2*m + 4. What is the greatest common factor of 21 and m?
1
Let l = 13158 + -5094. What is the highest common divisor of 126 and l?
126
Suppose -3*j + 151 = -4*q, -4*j - 2*q + 169 + 3 = 0. What is the highest common factor of 396 and j?
9
Suppose -10*i = 3*i + 598. Let w = 82 + i. Let x(g) = 24*g - 3. Let u be x(2). What is the greatest common divisor of w and u?
9
Let j(l) = -l**2 - 12*l - 7. Let k be j(-9). Let f = -91 - -89. Let i = 82 + f. What is the highest common divisor of i and k?
20
Let k(b) = 5*b + 2. Let a be k(-2). Let q be (-148)/a + (-1)/2. Let o(r) = 55*r - 93. Let c be o(3). Calculate the greatest common divisor of q and c.
18
Let c(j) = 41*j**2 + 7*j - 2. Let i(o) = -2*o**2 + 39*o - 156. Let z be i(14). Let k be c(z). What is the highest common divisor of 74 and k?
74
Suppose -6*f + f + f = 0. Suppose f = 4*d - d. Let s be ((-12)/(-8) - d)*(-3 - -53). Calculate the highest common divisor of s and 15.
15
Suppose -y - 24 = -5*y + 4*k, -5*k - 18 = y. Let u be (56 + 0)/y*221/34. Calculate the greatest common factor of 26 and u.
26
Let k = 0 - 0. Let m(d) = 3*d**3 + 14*d**2 - 38*d - 154. Let j be m(-5). Suppose k = -9*b + 101 - j. What is the greatest common factor of 30 and b?
10
Let o be 41*-10 + 1*(-6)/(-2). Let h = -191 - o. What is the highest common factor of 24 and h?
24
Suppose t + 2*b - 34 = 0, -10*b + 9*b = 0. Calculate the greatest common factor of t and 26248.
34
Suppose 0 = -3*w - o + 29, -3*w + 8*o - 4*o = -49. Let n = -148 + 151. Suppose 106 + 26 = n*i. What is the highest common divisor of w and i?
11
Let t = 4498 + -4148. Calculate the greatest common factor of t and 28.
14
Let d(y) be the first derivative of 23 - 1/4*y**4 + 2*y + 13/2*y**2 + 3*y**3. Let u be d(10). What is the greatest common factor of u and 8?
8
Suppose 0 = -b + 2*x + 92 - 2, 3*x - 173 = -2*b. What is the highest common factor of b and 1144?
88
Let m(y) = -2400*y**3 + 3*y**2 - 84*y - 86. Let f be m(-1). What is the highest common divisor of 245 and f?
49
Let k = 3853 - 3376. Calculate the greatest common divisor of 106 and k.
53
Let n be (-38)/(-8) - 351324/(-48). What is the greatest c